t is the units digit of h?
7
Let t(u) = 6*u - 48. Let l be t(8). Suppose l = -34*d + 36*d - 750. What is the units digit of d?
5
Let n(x) be the first derivative of x**4/4 - 16*x**3/3 - 12*x**2 - 23*x - 3. Let p be n(17). Let v = p + 325. What is the units digit of v?
3
Let w = 40785 + -12399. What is the units digit of w?
6
Let p be 0*-1*(35/10)/(-7). Suppose -3*k = 3*x - 654, x + p*x - 218 = k. What is the tens digit of x?
1
Let z(v) = v**2 + v - 1. Let m be z(1). Let c(s) = -74*s**2 + 3*s + 8. Let t(h) = -h**2 + h + 1. Let n(k) = -c(k) + 6*t(k). What is the tens digit of n(m)?
6
Suppose -42084 = -q + 111*a - 122*a, -3*a = -4*q + 168054. What is the thousands digit of q?
2
Suppose 5*s = -5*o + 53265, -2*o = 27*s - 31*s - 21324. What is the hundreds digit of o?
6
Let t(n) = -3*n + 93. Suppose -s = -4*k - 36, -5*s + 95 = -0*s - 3*k. What is the tens digit of t(s)?
4
Let n = 29702 - 6455. What is the hundreds digit of n?
2
Let c(b) be the first derivative of -2*b**3/3 + 19*b**2/2 - 7*b + 40. What is the units digit of c(9)?
2
Let s(g) = g**2 + 5*g + 4. Let n be s(-4). Suppose -p + 83*o - 88*o = -28, o = 5. Suppose v + n*v - 58 = 4*f, -p*v + 138 = -3*f. What is the tens digit of v?
4
Suppose -25*c - 85 = -42*c. What is the hundreds digit of 5 - (-399 + -5 + (13 - c))?
4
Let w(b) = -b**3 + 4*b**2 + 13*b + 14. Let t(s) = s**2 + 3*s - 35. Let m be t(5). What is the tens digit of w(m)?
5
What is the ten thousands digit of 3/(-2)*270478/39*-1?
1
Let l(y) = 41*y - 37. Let h = 15 + -8. What is the hundreds digit of l(h)?
2
Suppose -3*g - h = 3*h - 28, -4*g + 37 = 5*h. Let s be 5318/g - 10/(-40). What is the tens digit of ((-19)/(s/42))/(2/(-90))?
5
Suppose 0 = 2*n - 4*r - 962, 0 = -5*r - 27 + 42. What is the hundreds digit of n?
4
Suppose 2*c + 3*h = -3*c + 824, 5*h = 4*c - 637. Let m = 83 + c. What is the units digit of m?
6
Let k(j) = -2*j + 19. Let d be (2/6)/((-10)/(-180)). Let b be k(d). Let c(s) = 4*s**2 - 10*s + 18. What is the hundreds digit of c(b)?
1
Suppose -2*h + 6*v + 1719 = 3*v, -5*h - 5*v + 4235 = 0. Suppose 17*n - 20*n = -h. What is the hundreds digit of n?
2
Let j be (-16)/20*(190 + 0). Let o be (35/(-7) - -4)/(-1). What is the units digit of 1/((0 - 4/j)*o)?
8
Suppose -9*o - 91806 = -33*o + 11*o. What is the units digit of o?
2
Let w = 92114 + -52919. What is the thousands digit of w?
9
Let z = -10574 + 33430. What is the ten thousands digit of z?
2
Suppose -81*u + 340 = -64*u. Let y = 16 - 1. What is the tens digit of (324/u)/3*y?
8
Let r(y) = 11*y**2 - 3*y - 4. Let h be r(3). Suppose 4486 + 104 = -102*u. Let v = u + h. What is the units digit of v?
1
Suppose -122778 + 26653 = 25*k. What is the units digit of ((k/2)/5)/((-7)/14)?
9
Suppose -2*o + 243 = 4*s + 37, -4*s + 8 = 0. Let g = o + -94. Suppose 5*c = -g*q + 120, -4*q + 92 = c + 8. What is the tens digit of q?
2
Let w(p) = p**3 - 2*p**2 + p + 5150. Let t be w(0). Suppose 10*v - t = 3960. What is the units digit of v?
1
Suppose 2*q = -4*u - q + 129, -134 = -4*u - 2*q. Let r = u + -17. What is the tens digit of r?
1
Suppose 0 = -4*w - 70 + 54, 2*n - 1302 = w. Suppose -j - 5*x = -8*x - n, -3*x - 1313 = -2*j. What is the units digit of j?
4
Let u(g) = g**2 + g - 1. Let j(n) = -13*n**2 + 24*n + 230. Let z(y) = -j(y) - 2*u(y). What is the units digit of z(-10)?
2
Suppose 0 = -3*k + 4*v + 36568, -180*k + 36567 = -177*k - 3*v. What is the hundreds digit of k?
1
Suppose 4 = 4*n - 6*n. What is the units digit of (-7176)/(-18) + n/(-6)?
9
Let l = -12 - -16. Suppose l*i = 3*i. Suppose i*c = -2*c + 56. What is the tens digit of c?
2
Suppose -11 = -4*l + h, 14 = 5*l - h - 0. Suppose -3*v - 5*o + 1436 = 249, 3*v - l*o - 1155 = 0. What is the hundreds digit of v?
3
Let k be (-10)/(-5) + -3 - -5. Suppose 0*q - x - 18 = 4*q, k*q = 4*x - 8. Let b(l) = -l**3 + 3*l**2 + 7*l. What is the units digit of b(q)?
4
Let c(y) = y**3 + 25*y**2 + 20*y + 145. What is the thousands digit of c(-22)?
1
Suppose h - 2*o = 2*o - 10, o = 2. What is the tens digit of (-10190)/(-35) - h - (-2)/(-14)?
9
What is the hundreds digit of (26288/32 + -9)/((-2)/(-52))?
1
What is the ten thousands digit of -2 - -9 - (-200 - 24980)?
2
Let t be -3 + -1 - 27 - -4. Let s = -122 + -65. Let h = t - s. What is the tens digit of h?
6
Let y = -9 - -14. Suppose 0 = -h - 3*n + 8, 2*h - y*n + 1 = -5. Suppose 5*o + h*w = 426, 4*o + 2*w - 445 = -105. What is the units digit of o?
6
Let j be 0/(2/(-7) - (-46)/14). Suppose j = 7*a - 10*a + 1110. What is the units digit of a?
0
Let i(p) = -2273*p + 651. What is the ten thousands digit of i(-11)?
2
Let w = -8548 - -15526. What is the thousands digit of w?
6
Let n be 45/27*(1 - -53). Suppose n = 4*u - 94. Suppose -47*l + u*l = -30. What is the units digit of l?
0
What is the hundreds digit of (0 + (-14311)/(-44))*16?
2
Let w be (12/(-5))/(-6) + 69/15. Suppose w*t - 1059 = 2166. What is the hundreds digit of t?
6
Let f be 0*((-3)/(-4) + (-1)/2). Suppose -37*l + 32*l + 535 = f. Suppose -x = -j + 2*j - l, 0 = 2*x - 5*j - 242. What is the hundreds digit of x?
1
Let r = -22022 - -39171. What is the units digit of r?
9
Let o(a) = 62*a + 2000. What is the units digit of o(-24)?
2
Suppose -1733 = -2*o - 4*m - 551, 3*m + 2309 = 4*o. Let g = o - 332. Suppose g = a + 2*a. What is the units digit of a?
3
What is the tens digit of (-10 - 340962/(-30)) + 18/30?
5
Let n(x) = -3*x**2 + 5*x**2 - 7*x + 10*x - x**2 + 15. Suppose 13*j + 24 = 17*j. What is the tens digit of n(j)?
6
Let k be 28/3 - 2/6. Let l(y) be the second derivative of -y**5/20 + 3*y**4/4 + 13*y**3/6 - 10*y**2 - y - 1. What is the tens digit of l(k)?
9
What is the tens digit of (3 + (-5 - -1062))/((-18)/(-45))?
5
Suppose -36*o + 81076 = -1526648. What is the thousands digit of o?
4
What is the hundreds digit of 59/(236/(-80)) - -41539?
5
Suppose -35*x = -73788 - 193402. What is the thousands digit of x?
7
Let p = -272 + 423. Let z = 64 + p. What is the tens digit of z?
1
Suppose -5*z = -10 - 5. Suppose z*i = 2*i - a + 445, 4*i - 1790 = -2*a. What is the units digit of i?
0
Suppose 10*u - 7*u = 2*d + 12061, 0 = u + 2*d - 4031. What is the units digit of u?
3
Let x(y) = 3*y**2 + 7 + 12 + y**2 + 10 + 4*y - 34. Let k(o) = o - 1. Let l be k(5). What is the units digit of x(l)?
5
Suppose -7*l = -l. Suppose -4*y + 223 + 241 = l. What is the tens digit of -1*(-5)/10*y?
5
What is the hundreds digit of (1/3*407)/((-91)/(-273))?
4
Suppose -5*t = 3*l - 29 - 89, 112 = 2*l - 5*t. Let p = l - 46. Suppose 2*g + 4 = p, n = -n - 3*g + 140. What is the units digit of n?
3
Suppose 0 = 5*o - 4*v + 9708, 7*v = -2*o + 6*v - 3878. Let d = 3772 + o. What is the thousands digit of d?
1
Suppose 4211 = 4*n + 7*q - 4*q, 2*n - 2116 = 2*q. What is the thousands digit of n?
1
Let s(b) = 2*b**3 - 8*b**2 - 5*b - 1. Let t be s(6). Let k be 17 + -2 + -9 + -1 + 21. Let g = t - k. What is the units digit of g?
7
Let o be (-4)/(4/25) - (-4 - 0). What is the tens digit of (o/(-105))/((-1)/(-1195))?
3
Suppose 25 = -26*u + 103. Suppose -2562 = -u*m - 0*m. What is the hundreds digit of m?
8
Suppose 7 = -r - 2*p - 3*p, 3*r = 4*p + 17. Let w(k) = 119*k + 52. What is the tens digit of w(r)?
0
What is the units digit of 56508/48*(59 - (17 - 10))?
7
Let p(o) = o**3 - 2*o + 4. Let s be p(0). Let y be -1 - (-3 + s/(-4)). Suppose -u - y*b = -160, 0 = 5*u - 0*u + b - 800. What is the units digit of u?
0
Let m(w) = 7*w**2 + 3*w - 5. Let x(v) be the first derivative of -v**3/3 - 6*v**2 - 9*v + 13. Let a be x(-11). What is the units digit of m(a)?
9
Let g(d) = 692*d**2 + 7*d - 6. Let l be g(1). Let i(m) = m**3 + 4. Let v be i(0). Suppose 703 = 5*k + v*s, 0*s - s - l = -5*k. What is the units digit of k?
9
Let u = 231 - -131. What is the hundreds digit of u?
3
Let o(h) = h**2 + 10*h + 5. Let p be o(-12). Suppose -2*u = b + p, 2*b + 58 = -0*b + 5*u. Let l = b - -40. What is the units digit of l?
1
Let u(d) = 320*d - 1387. What is the units digit of u(26)?
3
What is the ten thousands digit of (1/10*4)/(97/2870230)?
1
Let s be -2 - ((-2894)/10 + 10/25). Let r = 523 - s. What is the units digit of r?
6
Let f(i) = -4*i**3 + 4*i**2 + i + 8. Let t(m) = m**2 + 4*m - 16. Let r be t(-6). Let g be f(r). Suppose -7*x + g = -47. What is the units digit of x?
3
Suppose 5*b = b + 3*i + 28, -3*b + i = -21. Suppos